{"id":4613,"date":"2016-08-04T09:50:25","date_gmt":"2016-08-04T09:50:25","guid":{"rendered":"http:\/\/www.kjk.ee\/wp-content\/uploads\/2016\/08\/T\u00f5nu-T\u00f5niste-Sydney-2000.jpg"},"modified":"2016-08-04T09:50:30","modified_gmt":"2016-08-04T09:50:30","slug":"tonu-toniste-sydney-2000","status":"inherit","type":"attachment","link":"https:\/\/kjk.ee\/en\/karl-martin-rammo-kannab-rio-2016-olumpiamangude-avamisel-eesti-lippu\/tonu-toniste-sydney-2000\/","title":{"rendered":"T\u00f5nu T\u00f5niste Sydney 2000"},"author":6,"comment_status":"open","ping_status":"closed","template":"","meta":{"spay_email":""},"jetpack_sharing_enabled":true,"jetpack_shortlink":"https:\/\/wp.me\/aaW3M4-1cp","description":{"rendered":"<p class=\"attachment\"><object class=\"vanilla-pdf-embed\" data=\"http:\/\/www.kjk.ee\/wp-content\/uploads\/2016\/08\/T\u00f5nu-T\u00f5niste-Sydney-2000.jpg#page=1&view=FitH\" type=\"application\/pdf\" width=\"100%\" height=\"500em\">\n    <p><a href=\"http:\/\/www.kjk.ee\/wp-content\/uploads\/2016\/08\/T\u00f5nu-T\u00f5niste-Sydney-2000.jpg\">Download the PDF file .<\/a><\/p>\n<\/object><\/p>\n"},"caption":{"rendered":"<p>T\u00f5nu T\u00f5niste Sydney 2000<\/p>\n"},"alt_text":"","media_type":"image","mime_type":"image\/jpeg","media_details":{"width":230,"height":215,"file":"2016\/08\/T\u00f5nu-T\u00f5niste-Sydney-2000.jpg","sizes":{"thumbnail":{"file":"T\u00f5nu-T\u00f5niste-Sydney-2000-150x150.jpg","width":150,"height":150,"mime_type":"image\/jpeg","source_url":"https:\/\/kjk.ee\/wp-content\/uploads\/2016\/08\/T\u00f5nu-T\u00f5niste-Sydney-2000-150x150.jpg"},"wzslider-thumbnail":{"file":"T\u00f5nu-T\u00f5niste-Sydney-2000-59x55.jpg","width":59,"height":55,"mime_type":"image\/jpeg","source_url":"https:\/\/kjk.ee\/wp-content\/uploads\/2016\/08\/T\u00f5nu-T\u00f5niste-Sydney-2000-59x55.jpg"},"featured-posts":{"file":"T\u00f5nu-T\u00f5niste-Sydney-2000-75x75.jpg","width":75,"height":75,"mime_type":"image\/jpeg","source_url":"https:\/\/kjk.ee\/wp-content\/uploads\/2016\/08\/T\u00f5nu-T\u00f5niste-Sydney-2000-75x75.jpg"},"featured-cat":{"file":"T\u00f5nu-T\u00f5niste-Sydney-2000-230x200.jpg","width":230,"height":200,"mime_type":"image\/jpeg","source_url":"https:\/\/kjk.ee\/wp-content\/uploads\/2016\/08\/T\u00f5nu-T\u00f5niste-Sydney-2000-230x200.jpg"},"featured-cat-small":{"file":"T\u00f5nu-T\u00f5niste-Sydney-2000-100x75.jpg","width":100,"height":75,"mime_type":"image\/jpeg","source_url":"https:\/\/kjk.ee\/wp-content\/uploads\/2016\/08\/T\u00f5nu-T\u00f5niste-Sydney-2000-100x75.jpg"},"video-widget":{"file":"T\u00f5nu-T\u00f5niste-Sydney-2000-230x170.jpg","width":230,"height":170,"mime_type":"image\/jpeg","source_url":"https:\/\/kjk.ee\/wp-content\/uploads\/2016\/08\/T\u00f5nu-T\u00f5niste-Sydney-2000-230x170.jpg"},"loop":{"file":"T\u00f5nu-T\u00f5niste-Sydney-2000-200x150.jpg","width":200,"height":150,"mime_type":"image\/jpeg","source_url":"https:\/\/kjk.ee\/wp-content\/uploads\/2016\/08\/T\u00f5nu-T\u00f5niste-Sydney-2000-200x150.jpg"},"calendar-event-thumb":{"file":"T\u00f5nu-T\u00f5niste-Sydney-2000-51x48.jpg","width":51,"height":48,"mime_type":"image\/jpeg","source_url":"https:\/\/kjk.ee\/wp-content\/uploads\/2016\/08\/T\u00f5nu-T\u00f5niste-Sydney-2000-51x48.jpg"},"homepage-banner-box":{"file":"T\u00f5nu-T\u00f5niste-Sydney-2000-105x98.jpg","width":105,"height":98,"mime_type":"image\/jpeg","source_url":"https:\/\/kjk.ee\/wp-content\/uploads\/2016\/08\/T\u00f5nu-T\u00f5niste-Sydney-2000-105x98.jpg"},"full":{"file":"T\u00f5nu-T\u00f5niste-Sydney-2000.jpg","width":230,"height":215,"mime_type":"image\/jpeg","source_url":"https:\/\/kjk.ee\/wp-content\/uploads\/2016\/08\/T\u00f5nu-T\u00f5niste-Sydney-2000.jpg"}},"image_meta":{"aperture":"0","credit":"","camera":"","caption":"","created_timestamp":"0","copyright":"","focal_length":"0","iso":"0","shutter_speed":"0","title":"","orientation":"0","keywords":[]}},"post":4607,"source_url":"https:\/\/kjk.ee\/wp-content\/uploads\/2016\/08\/T\u00f5nu-T\u00f5niste-Sydney-2000.jpg","_links":{"self":[{"href":"https:\/\/kjk.ee\/en\/wp-json\/wp\/v2\/media\/4613"}],"collection":[{"href":"https:\/\/kjk.ee\/en\/wp-json\/wp\/v2\/media"}],"about":[{"href":"https:\/\/kjk.ee\/en\/wp-json\/wp\/v2\/types\/attachment"}],"author":[{"embeddable":true,"href":"https:\/\/kjk.ee\/en\/wp-json\/wp\/v2\/users\/6"}],"replies":[{"embeddable":true,"href":"https:\/\/kjk.ee\/en\/wp-json\/wp\/v2\/comments?post=4613"}]}}

http://www.kjk.ee/wp-content/uploads/2016/08/Tõnu-Tõniste-Sydney-2000.jpg

Tõnu Tõniste Sydney 2000

<p class="attachment"><object class="vanilla-pdf-embed" data="http://www.kjk.ee/wp-content/uploads/2016/08/Tõnu-Tõniste-Sydney-2000.jpg#page=1&view=FitH" type="application/pdf" width="100%" height="500em">
    <p><a href="http://www.kjk.ee/wp-content/uploads/2016/08/Tõnu-Tõniste-Sydney-2000.jpg">Download the PDF file .</a></p>
</object></p>

<p>Tõnu Tõniste Sydney 2000</p>

2016/08/Tõnu-Tõniste-Sydney-2000.jpg

Tõnu-Tõniste-Sydney-2000-150x150.jpg

https://kjk.ee/wp-content/uploads/2016/08/Tõnu-Tõniste-Sydney-2000-150x150.jpg

Tõnu-Tõniste-Sydney-2000-59x55.jpg

https://kjk.ee/wp-content/uploads/2016/08/Tõnu-Tõniste-Sydney-2000-59x55.jpg

Tõnu-Tõniste-Sydney-2000-75x75.jpg

https://kjk.ee/wp-content/uploads/2016/08/Tõnu-Tõniste-Sydney-2000-75x75.jpg

Tõnu-Tõniste-Sydney-2000-230x200.jpg

https://kjk.ee/wp-content/uploads/2016/08/Tõnu-Tõniste-Sydney-2000-230x200.jpg

Tõnu-Tõniste-Sydney-2000-100x75.jpg

https://kjk.ee/wp-content/uploads/2016/08/Tõnu-Tõniste-Sydney-2000-100x75.jpg

Tõnu-Tõniste-Sydney-2000-230x170.jpg

https://kjk.ee/wp-content/uploads/2016/08/Tõnu-Tõniste-Sydney-2000-230x170.jpg

Tõnu-Tõniste-Sydney-2000-200x150.jpg

https://kjk.ee/wp-content/uploads/2016/08/Tõnu-Tõniste-Sydney-2000-200x150.jpg

Tõnu-Tõniste-Sydney-2000-51x48.jpg

https://kjk.ee/wp-content/uploads/2016/08/Tõnu-Tõniste-Sydney-2000-51x48.jpg

Tõnu-Tõniste-Sydney-2000-105x98.jpg

https://kjk.ee/wp-content/uploads/2016/08/Tõnu-Tõniste-Sydney-2000-105x98.jpg

Tõnu-Tõniste-Sydney-2000.jpg

https://kjk.ee/wp-content/uploads/2016/08/Tõnu-Tõniste-Sydney-2000.jpg
